ime number?
True
Is 21259 a prime number?
False
Is 853 a composite number?
False
Is 63377 composite?
False
Is 87773 prime?
False
Is 250567 a prime number?
False
Is 8563 a prime number?
True
Is 786109 composite?
False
Is 58271 composite?
False
Is 42239 prime?
True
Is 43343 a composite number?
True
Is 128813 composite?
False
Is 19297 prime?
False
Is 58411 prime?
True
Is 216899 composite?
False
Is 87821 composite?
True
Is 58657 a prime number?
True
Is 15511 composite?
False
Is 32099 composite?
False
Is 396133 a composite number?
True
Is 4679 composite?
False
Is 322323 a composite number?
True
Is 9094 a composite number?
True
Is 4083 composite?
True
Is 1885423 a prime number?
True
Is 79295 composite?
True
Is 341743 prime?
True
Is 12539 prime?
True
Is 1024291 composite?
True
Is 16615 a prime number?
False
Is 42649 a prime number?
True
Is 1784957 a composite number?
False
Is 57037 a composite number?
False
Is 15401 a prime number?
True
Is 17231 a prime number?
True
Is 396673 a composite number?
True
Is 2574283 a prime number?
False
Is 3209 composite?
False
Is 35069 a composite number?
False
Is 967 a composite number?
False
Is 102731 a prime number?
False
Is 164569 a prime number?
True
Is 57557 a composite number?
False
Is 47281 prime?
False
Is 131611 a composite number?
False
Is 107897 composite?
False
Is 158 prime?
False
Is 31693 composite?
True
Is 717089 a prime number?
True
Is 17461 prime?
False
Is 7157 a composite number?
True
Is 203377 prime?
False
Is 17219 composite?
True
Is 87083 a composite number?
False
Is 3707 composite?
True
Is 1576483 a composite number?
False
Is 6261 prime?
False
Is 703 composite?
True
Is 106817 prime?
False
Is 1008503 a prime number?
True
Is 192689 a composite number?
True
Is 15427 prime?
True
Is 641 prime?
True
Is 87037 composite?
False
Is 131153 a composite number?
True
Is 107399 a composite number?
True
Is 21089 prime?
True
Is 2603 a prime number?
False
Is 38987 a composite number?
True
Is 48211 a composite number?
True
Is 206969 prime?
False
Is 684269 composite?
False
Is 5077 a composite number?
False
Is 77089 a prime number?
False
Is 827597 a prime number?
False
Is 8147 a composite number?
False
Is 48563 a prime number?
True
Is 1949 composite?
False
Is 78503 a prime number?
False
Is 59809 a composite number?
False
Is 422467 prime?
False
Is 363589 a prime number?
True
Is 7858 composite?
True
Is 1536437 a composite number?
True
Is 52109 composite?
True
Is 6743 composite?
True
Is 1084151 a composite number?
True
Is 218213 composite?
False
Is 2741 composite?
False
Is 336307 composite?
False
Is 1119 composite?
True
Is 192361 a prime number?
False
Is 952199 a composite number?
False
Is 727745 composite?
True
Is 14857 a composite number?
True
Is 133373 prime?
False
Is 17863 a composite number?
False
Is 101137 a composite number?
True
Is 4105 composite?
True
Is 71 a composite number?
False
Is 1657 prime?
True
Is 10643 composite?
True
Is 54478 a composite number?
True
Is 22805 a prime number?
False
Is 26131 a composite number?
True
Is 66449 a prime number?
True
Is 97751 a prime number?
False
Is 8997 composite?
True
Is 502861 composite?
False
Is 2579 composite?
False
Is 1397 prime?
False
Is 116783 composite?
True
Is 4393 a composite number?
True
Is 42641 composite?
False
Is 89687 composite?
True
Is 48073 prime?
True
Is 162143 a prime number?
True
Is 195731 a composite number?
False
Is 1283323 a prime number?
True
Is 186803 a composite number?
True
Is 16301 a prime number?
True
Is 21737 a prime number?
True
Is 999227 a prime number?
False
Is 7237 prime?
True
Is 34547 composite?
True
Is 16231 a composite number?
False
Is 1531 a composite number?
False
Is 89591 prime?
True
Is 69074 composite?
True
Is 885751 prime?
False
Is 40031 a composite number?
False
Is 137167 a prime number?
False
Is 8903 composite?
True
Is 14109 a prime number?
False
Is 56038 composite?
True
Is 3787 prime?
False
Is 6389 a prime number?
True
Is 42599 prime?
False
Is 14255 a prime number?
False
Is 43657 composite?
True
Is 14165 prime?
False
Is 64835 prime?
False
Is 24839 composite?
True
Is 15919 composite?
False
Is 297443 composite?
True
Is 150778 prime?
False
Is 8717 prime?
False
Is 1361 prime?
True
Is 202471 composite?
False
Is 851495 composite?
True
Is 908059 a composite number?
True
Is 80623 a prime number?
False
Is 19651 a prime number?
False
Is 14849 a prime number?
False
Is 498209 a composite number?
False
Is 41879 a prime number?
True
Is 5021 prime?
True
Is 437691 prime?
False
Is 9253 prime?
False
Is 7769 a prime number?
False
Is 15681 a composite number?
True
Is 9511 a prime number?
True
Is 3746 a composite number?
True
Is 706 a prime number?
False
Is 35983 prime?
True
Is 368755 a prime number?
False
Is 2421791 composite?
False
Is 316567 composite?
False
Is 59497 a prime number?
True
Is 40459 composite?
False
Is 304627 composite?
True
Is 67501 a composite number?
True
Is 23207 a composite number?
True
Is 2437 prime?
True
Is 57619 composite?
True
Is 1064431 a prime number?
True
Is 1187 a prime number?
True
Is 165157 composite?
True
Is 1718833 a prime number?
False
Is 174433 composite?
True
Is 109261 composite?
True
Is 353422 prime?
False
Is 454739 a prime number?
False
Is 384317 a prime number?
True
Is 3961 a composite number?
True
Is 14695 a composite number?
True
Is 62773 a composite number?
False
Is 121115 composite?
True
Is 70423 a prime number?
True
Is 294893 a prime number?
True
Is 683933 a composite number?
False
Is 1097057 prime?
False
Is 441413 a composite number?
True
Is 145771 a composite number?
False
Is 18113 a composite number?
True
Is 4061 a prime number?
False
Is 10637 a prime number?
False
Is 5137 a composite number?
True
Is 912391 prime?
True
Is 10313 a prime number?
True
Is 30507 a composite number?
True
Is 23921 a composite number?
True
Is 1941565 prime?
False
Is 328805 a composite number?
True
Is 420951 prime?
False
Is 22969 prime?
False
Is 5141 composite?
True
Is 74953 a composite number?
True
Is 165323 composite?
True
Is 6491 a composite number?
False
Is 897419 prime?
False
Is 181397 prime?
True
Is 16127 a composite number?
False
Is 8263 a prime number?
True
Is 883 composite?
False
Is 26981 a composite number?
False
Is 456949 prime?
True
Is 6637 a composite number?
False
Is 265597 a composite number?
True
Is 2137813 prime?
True
Is 158807 composite?
True
Is 174205 a prime number?
False
Is 29501 composite?
False
Is 147541 prime?
True
Is 25561 a composite number?
False
Is 43711 composite?
False
Is 32117 prime?
True
Is 165389 prime?
False
Is 190243 composite?
False
Is 36383 a composite number?
False
Is 31643 a composite number?
False
Is 299359 composite?
False
Is 1167647 prime?
False
Is 331 a composite number?
False
Is 18835 composite?
True
Is 2521 prime?
True
Is 37463 a composite number?
False
Is 111361 prime?
False
Is 52051 composite?
False
Is 11047 a composite number?
False
Is 65051 composite?
True
Is 113591 composite?
False
Is 105491 prime?
True
Is 364103 prime?
True
Is 29243 a prime number?
True
Is 2258963 prime?
False
Is 155559 a composite number?
True
Is 25151 prime?
False
Is 32107 a prime number?
False
Is 64937 composite?
False
Is 26281 a composite number?
True
Is 1770481 prime?
True
Is 14629 composite?
False
Is 726823 composite?
True
Is 1739147 prime?
True
Is 73579 prime?
False
Is 1543 a prime number?
True
Is 77317 composite?
False
Is 35419 a prime number?
True
Is 29987 a composite number?
True
Is 1361 a composite number?
False
Is 4759 composite?
False
Is 7391 a prime number?
False
Is 134471 composite?
False
Is 29681 a prime number?
False
Is 27427 a prime number?
True
Is 36167 composite?
True
Is 2437 a prime number?
True
Is 18353 a prime number?
True
Is 13361 prime?
False
Is 9007 a composite number?
False
Is 11734 composite?
True
Is 5731 a composite number?
True
Is 3700277 a prime number?
False
Is 45649 composite?
True
Is 40189 composite?
False
Is 563 a prime number?
True
Is 407057 a prime number?
False
Is 239477 prime?
False
Is 749335 a prime number?
False
Is 246671 a composite number?
True
Is 14233 prime?
False
Is 67517 prime?
False
Is 3049 a prime number?
True
Is 108583 composite?
True
Is 150131 a prime number?
True
Is 49 composite?
True
Is 3513721 a prime number?
True
Is 154927 composite?
False
Is 446 a composit